{"id":234,"date":"2019-12-27T08:34:54","date_gmt":"2019-12-27T08:34:54","guid":{"rendered":"http:\/\/arpadfoldiref.hu\/?page_id=234"},"modified":"2020-01-18T16:33:46","modified_gmt":"2020-01-18T15:33:46","slug":"2019-2","status":"publish","type":"page","link":"https:\/\/arpadfoldiref.hu\/index.php\/2019-2\/","title":{"rendered":"2019"},"content":{"rendered":"\n<center>2019.12.26. File P\u00e9ter &#8211; \u00c9zs 53; Fil 2, 5-8 <a href=\"http:\/\/arpadfoldiref.hu\/wp-content\/uploads\/2019\/12\/20191226_FilePeter.mp3\" download=\"20191226_FilePeter.mp3\"> Let\u00f6lt\u00e9s itt! <\/a><\/center>\n\n\n\n<figure class=\"wp-block-audio\"><audio controls src=\"http:\/\/arpadfoldiref.hu\/wp-content\/uploads\/2019\/12\/20191226_FilePeter.mp3\"><\/audio><\/figure>\n\n\n\n<hr class=\"wp-block-separator\"\/>\n\n\n\n<center>2019.12.24. Nyikos Andr\u00e1s &#8211; ApCsel 27, 24 <a href=\"http:\/\/arpadfoldiref.hu\/wp-content\/uploads\/2020\/01\/20191224_NyikosAndras.mp3\" download=\"20191224_NyikosAndras.mp3\"> Let\u00f6lt\u00e9s itt! <\/a><\/center>\n\n\n\n<figure class=\"wp-block-audio\"><audio controls src=\"http:\/\/arpadfoldiref.hu\/wp-content\/uploads\/2020\/01\/20191224_NyikosAndras.mp3\"><\/audio><\/figure>\n\n\n\n<hr class=\"wp-block-separator\"\/>\n\n\n\n<center>2019.12.22. Nyikos Andr\u00e1s &#8211; Mt 1, 18-23 <a href=\"http:\/\/arpadfoldiref.hu\/wp-content\/uploads\/2020\/01\/20191222_NyikosAndras.mp3\" download=\"20191222_NyikosAndras.mp3\"> Let\u00f6lt\u00e9s itt! <\/a><\/center>\n\n\n\n<figure class=\"wp-block-audio\"><audio controls src=\"http:\/\/arpadfoldiref.hu\/wp-content\/uploads\/2020\/01\/20191222_NyikosAndras.mp3\"><\/audio><\/figure>\n\n\n\n<hr class=\"wp-block-separator\"\/>\n\n\n\n<center>2019.12.15. Barthos Gergely &#8211; 1Thessz 5, 1-11 <a href=\"http:\/\/arpadfoldiref.hu\/wp-content\/uploads\/2019\/12\/20191215_BarthosGergely.mp3\" download=\"20191215_BarthosGergely.mp3\"> Let\u00f6lt\u00e9s itt! <\/a><\/center>\n\n\n\n<figure class=\"wp-block-audio\"><audio controls src=\"http:\/\/arpadfoldiref.hu\/wp-content\/uploads\/2019\/12\/20191215_BarthosGergely.mp3\"><\/audio><\/figure>\n\n\n\n<hr class=\"wp-block-separator\"\/>\n\n\n\n<center>2019.12.08. Nyikos Andr\u00e1s &#8211; H\u00f3s 14, 2-10 <a href=\"http:\/\/arpadfoldiref.hu\/wp-content\/uploads\/2019\/12\/20191208_NyikosAndras.mp3\" download=\"20191208_NyikosAndras.mp3\"> Let\u00f6lt\u00e9s itt! <\/a><\/center>\n\n\n\n<figure class=\"wp-block-audio\"><audio controls src=\"http:\/\/arpadfoldiref.hu\/wp-content\/uploads\/2019\/12\/20191208_NyikosAndras.mp3\"><\/audio><\/figure>\n\n\n\n<hr class=\"wp-block-separator\"\/>\n\n\n\n<center>2019.12.01. Nyikos Andr\u00e1s &#8211; H\u00f3s 1, 1-8; 2, 18-25 <a href=\"http:\/\/arpadfoldiref.hu\/wp-content\/uploads\/2019\/12\/20191201_NyikosAndras.mp3\" download=\"20191201_NyikosAndras.mp3\"> Let\u00f6lt\u00e9s itt! <\/a><\/center>\n\n\n\n<figure class=\"wp-block-audio\"><audio controls src=\"http:\/\/arpadfoldiref.hu\/wp-content\/uploads\/2019\/12\/20191201_NyikosAndras.mp3\"><\/audio><\/figure>\n\n\n\n<hr class=\"wp-block-separator\"\/>\n\n\n\n<center>2019.11.24. Nyikos Andr\u00e1s &#8211; 2Thessz 2, 1-15; Jn 5, 24 <a href=\"http:\/\/arpadfoldiref.hu\/wp-content\/uploads\/2019\/12\/20191124_NyikosAndras.mp3\" download=\"20191124_NyikosAndras.mp3\"> Let\u00f6lt\u00e9s itt! <\/a><\/center>\n\n\n\n<figure class=\"wp-block-audio\"><audio controls src=\"http:\/\/arpadfoldiref.hu\/wp-content\/uploads\/2019\/12\/20191124_NyikosAndras.mp3\"><\/audio><\/figure>\n\n\n\n<hr class=\"wp-block-separator\"\/>\n\n\n\n<center>2019.11.10. Nyikos Andr\u00e1s &#8211; Mt 14, 13-23 <a href=\"http:\/\/arpadfoldiref.hu\/wp-content\/uploads\/2019\/12\/20191110_NyikosAndras.mp3\" download=\"20191110_NyikosAndras.mp3\"> Let\u00f6lt\u00e9s itt! <\/a><\/center>\n\n\n\n<figure class=\"wp-block-audio\"><audio controls src=\"http:\/\/arpadfoldiref.hu\/wp-content\/uploads\/2019\/12\/20191110_NyikosAndras.mp3\"><\/audio><\/figure>\n\n\n\n<hr class=\"wp-block-separator\"\/>\n\n\n\n<center>2019.11.03. Nyikos Andr\u00e1s &#8211; Zsolt 42; J\u00f3b 1, 20-21 <a href=\"http:\/\/arpadfoldiref.hu\/wp-content\/uploads\/2019\/12\/20191103_NyikosAndras.mp3\" download=\"20191103_NyikosAndras.mp3\"> Let\u00f6lt\u00e9s itt! <\/a><\/center>\n\n\n\n<figure class=\"wp-block-audio\"><audio controls src=\"http:\/\/arpadfoldiref.hu\/wp-content\/uploads\/2019\/12\/20191103_NyikosAndras.mp3\"><\/audio><\/figure>\n\n\n\n<p><\/p>\n\n\n\n<p><\/p>\n\n\n\n<p>A kor\u00e1bbi igehirdet\u00e9sek az <strong>Arch\u00edvumban<\/strong> tal\u00e1lhat\u00f3k. Kiv\u00e1laszt\u00e1s ut\u00e1n, k\u00e9r\u00e9sre elk\u00fcldj\u00fck a hanganyagot.<\/p>\n","protected":false},"excerpt":{"rendered":"<p>2019.12.26. File P\u00e9ter &#8211; \u00c9zs 53; Fil 2, 5-8 Let\u00f6lt\u00e9s itt! 2019.12.24. Nyikos Andr\u00e1s &#8211; ApCsel 27, 24 Let\u00f6lt\u00e9s itt! 2019.12.22. Nyikos Andr\u00e1s &#8211; Mt 1, 18-23 Let\u00f6lt\u00e9s itt! 2019.12.15. Barthos Gergely &#8211; 1Thessz 5, 1-11 Let\u00f6lt\u00e9s itt! 2019.12.08. Nyikos Andr\u00e1s &#8211; H\u00f3s 14, 2-10 Let\u00f6lt\u00e9s itt! 2019.12.01. Nyikos Andr\u00e1s &#8211; H\u00f3s 1, 1-8; 2,&#8230;<\/p>\n","protected":false},"author":3,"featured_media":0,"parent":0,"menu_order":0,"comment_status":"closed","ping_status":"closed","template":"","meta":{"ngg_post_thumbnail":0,"footnotes":""},"class_list":["post-234","page","type-page","status-publish","hentry"],"jetpack_sharing_enabled":true,"_links":{"self":[{"href":"https:\/\/arpadfoldiref.hu\/index.php\/wp-json\/wp\/v2\/pages\/234","targetHints":{"allow":["GET"]}}],"collection":[{"href":"https:\/\/arpadfoldiref.hu\/index.php\/wp-json\/wp\/v2\/pages"}],"about":[{"href":"https:\/\/arpadfoldiref.hu\/index.php\/wp-json\/wp\/v2\/types\/page"}],"author":[{"embeddable":true,"href":"https:\/\/arpadfoldiref.hu\/index.php\/wp-json\/wp\/v2\/users\/3"}],"replies":[{"embeddable":true,"href":"https:\/\/arpadfoldiref.hu\/index.php\/wp-json\/wp\/v2\/comments?post=234"}],"version-history":[{"count":17,"href":"https:\/\/arpadfoldiref.hu\/index.php\/wp-json\/wp\/v2\/pages\/234\/revisions"}],"predecessor-version":[{"id":542,"href":"https:\/\/arpadfoldiref.hu\/index.php\/wp-json\/wp\/v2\/pages\/234\/revisions\/542"}],"wp:attachment":[{"href":"https:\/\/arpadfoldiref.hu\/index.php\/wp-json\/wp\/v2\/media?parent=234"}],"curies":[{"name":"wp","href":"https:\/\/api.w.org\/{rel}","templated":true}]}}