{"id":72,"date":"2019-12-24T11:34:10","date_gmt":"2019-12-24T11:34:10","guid":{"rendered":"http:\/\/arpadfoldiref.hu\/?page_id=72"},"modified":"2019-12-26T22:50:48","modified_gmt":"2019-12-26T22:50:48","slug":"hazassagkotes","status":"publish","type":"page","link":"https:\/\/arpadfoldiref.hu\/index.php\/hazassagkotes\/","title":{"rendered":"H\u00e1zass\u00e1gk\u00f6t\u00e9s"},"content":{"rendered":"\n<p><\/p>\n\n\n\n<div class=\"wp-block-media-text alignwide\"><figure class=\"wp-block-media-text__media\"><img loading=\"lazy\" decoding=\"async\" width=\"909\" height=\"606\" src=\"http:\/\/arpadfoldiref.hu\/wp-content\/uploads\/2019\/12\/eskuvo_AF.jpg\" alt=\"\" class=\"wp-image-215\" srcset=\"https:\/\/arpadfoldiref.hu\/wp-content\/uploads\/2019\/12\/eskuvo_AF.jpg 909w, https:\/\/arpadfoldiref.hu\/wp-content\/uploads\/2019\/12\/eskuvo_AF-300x200.jpg 300w, https:\/\/arpadfoldiref.hu\/wp-content\/uploads\/2019\/12\/eskuvo_AF-768x512.jpg 768w, https:\/\/arpadfoldiref.hu\/wp-content\/uploads\/2019\/12\/eskuvo_AF-850x567.jpg 850w\" sizes=\"auto, (max-width: 909px) 100vw, 909px\" \/><\/figure><div class=\"wp-block-media-text__content\">\n<p style=\"font-size:15px\"> <em>\u201eT\u00e9gy engem, mint pecs\u00e9tet a sz\u00edvedre, mint pecs\u00e9tet a karodra!<\/em><br><em>Bizony, er\u0151s a szeretet, mint a hal\u00e1l, legy\u0151zhetetlen a szenved\u00e9ly, ak\u00e1r a s\u00edr.<\/em><br><em>\u00dagy lobog, mint a lobog\u00f3 t\u0171z, mint az \u00darnak l\u00e1ngja.\u201d <\/em><br><em>(\u00c9nekek \u00e9neke 8,6)<\/em> <\/p>\n<\/div><\/div>\n\n\n\n<p><\/p>\n\n\n\n<p>Gy\u00fclekezet\u00fcnk im\u00e1ds\u00e1gos sz\u00edvvel \u00e9s szeretettel fogadja azokat a p\u00e1rokat, akik egym\u00e1ssal k\u00f6t\u00f6tt h\u00e1zass\u00e1gi sz\u00f6vets\u00e9g\u00fckre Isten \u00e1ld\u00e1s\u00e1t szeretn\u00e9k k\u00e9rni templomunkban. A h\u00e1zass\u00e1got Isten aj\u00e1nd\u00e9kk\u00e9nt adta az embernek, m\u00e9g a teremt\u00e9s hajnal\u00e1n:<\/p>\n\n\n\n<p><em>\u201eAzut\u00e1n ezt mondta az \u00daristen: Nem j\u00f3 az embernek egyed\u00fcl lenni, alkotok hozz\u00e1ill\u0151 seg\u00edt\u0151t\u00e1rsat.\u201d<\/em> <br><em>(I. M\u00f3z. 2:18.)<\/em><\/p>\n\n\n\n<p class=\"has-normal-font-size\">Ez az aj\u00e1nd\u00e9k k\u00e9t, egym\u00e1st szeret\u0151 ember, \u00e9letre sz\u00f3l\u00f3 sz\u00f6vets\u00e9ge. Mindketten felel\u0151sek a d\u00f6nt\u00e9s\u00fck\u00e9rt, amellyel felv\u00e1llalj\u00e1k a m\u00e1sikat, megosztj\u00e1k vele \u00e9let\u00fcket, \u00f6r\u00f6meiket \u00e9s b\u00e1nataikat. Mert a h\u00e1zass\u00e1g nemcsak testi k\u00f6z\u00f6ss\u00e9g, hanem lelki-, \u00e9let- \u00e9s sorsk\u00f6z\u00f6ss\u00e9g is. <br><br>Az\u00e9rt im\u00e1dkozunk, hogy Isten seg\u00edt\u0151 szeretet\u00e9vel a h\u00e1zass\u00e1g \u00f6r\u00f6met, form\u00e1l\u00f3d\u00e1st \u00e9s \u00e1ld\u00e1st jelentsen mindk\u00e9t f\u00e9lnek, a leend\u0151 gyermekeknek, az eg\u00e9sz csal\u00e1dnak. Az esk\u00fcv\u0151 ut\u00e1n szeretettel h\u00edvjuk, v\u00e1rjuk az ifj\u00fa p\u00e1rt is istentiszteleti \u00e9s gy\u00fclekezeti alkalmainkra.<br><br>Az esk\u00fcv\u0151t megel\u0151z\u0151, h\u00e1rom alkalomb\u00f3l \u00e1ll\u00f3 jegyesoktat\u00e1s sor\u00e1n a Szent\u00edr\u00e1s tan\u00edt\u00e1sa \u00e9s a h\u00e1zass\u00e1gk\u00f6t\u00e9skor elhangz\u00f3 fogadalom ment\u00e9n figyel\u00fcnk arra, hogy mit jelent kereszty\u00e9n h\u00e1zass\u00e1gban \u00e9lni.&nbsp;<br>A h\u00e1zass\u00e1gk\u00f6t\u00e9ssel kapcsolatban \u00e9rdekl\u0151dni, jelentkezni a lelkip\u00e1sztorn\u00e1l, illetve a gy\u00fclekezeti el\u00e9rhet\u0151s\u00e9geinken lehet.<\/p>\n\n\n\n<p>Nyikos Andr\u00e1s \u2013 lelkip\u00e1sztor<br>Email: <a rel=\"noreferrer noopener\" href=\"mailto:budapest-arpadfold@reformatus.hu\" target=\"_blank\">budapest-arpadfold@reformatus.hu<\/a><br>Telefon: +3630\/483-4638<\/p>\n","protected":false},"excerpt":{"rendered":"<p>\u201eT\u00e9gy engem, mint pecs\u00e9tet a sz\u00edvedre, mint pecs\u00e9tet a karodra!Bizony, er\u0151s a szeretet, mint a hal\u00e1l, legy\u0151zhetetlen a szenved\u00e9ly, ak\u00e1r a s\u00edr.\u00dagy lobog, mint a lobog\u00f3 t\u0171z, mint az \u00darnak l\u00e1ngja.\u201d (\u00c9nekek \u00e9neke 8,6) Gy\u00fclekezet\u00fcnk im\u00e1ds\u00e1gos sz\u00edvvel \u00e9s szeretettel fogadja azokat a p\u00e1rokat, akik egym\u00e1ssal k\u00f6t\u00f6tt h\u00e1zass\u00e1gi sz\u00f6vets\u00e9g\u00fckre Isten \u00e1ld\u00e1s\u00e1t szeretn\u00e9k k\u00e9rni templomunkban. A h\u00e1zass\u00e1got&#8230;<\/p>\n","protected":false},"author":2,"featured_media":0,"parent":0,"menu_order":0,"comment_status":"closed","ping_status":"closed","template":"","meta":{"ngg_post_thumbnail":0,"footnotes":""},"class_list":["post-72","page","type-page","status-publish","hentry"],"jetpack_sharing_enabled":true,"_links":{"self":[{"href":"https:\/\/arpadfoldiref.hu\/index.php\/wp-json\/wp\/v2\/pages\/72","targetHints":{"allow":["GET"]}}],"collection":[{"href":"https:\/\/arpadfoldiref.hu\/index.php\/wp-json\/wp\/v2\/pages"}],"about":[{"href":"https:\/\/arpadfoldiref.hu\/index.php\/wp-json\/wp\/v2\/types\/page"}],"author":[{"embeddable":true,"href":"https:\/\/arpadfoldiref.hu\/index.php\/wp-json\/wp\/v2\/users\/2"}],"replies":[{"embeddable":true,"href":"https:\/\/arpadfoldiref.hu\/index.php\/wp-json\/wp\/v2\/comments?post=72"}],"version-history":[{"count":6,"href":"https:\/\/arpadfoldiref.hu\/index.php\/wp-json\/wp\/v2\/pages\/72\/revisions"}],"predecessor-version":[{"id":220,"href":"https:\/\/arpadfoldiref.hu\/index.php\/wp-json\/wp\/v2\/pages\/72\/revisions\/220"}],"wp:attachment":[{"href":"https:\/\/arpadfoldiref.hu\/index.php\/wp-json\/wp\/v2\/media?parent=72"}],"curies":[{"name":"wp","href":"https:\/\/api.w.org\/{rel}","templated":true}]}}

Házasságkötés

<p></p>



<div class="wp-block-media-text alignwide"><figure class="wp-block-media-text__media"><img loading="lazy" decoding="async" width="909" height="606" src="http://arpadfoldiref.hu/wp-content/uploads/2019/12/eskuvo_AF.jpg" alt="" class="wp-image-215" srcset="https://arpadfoldiref.hu/wp-content/uploads/2019/12/eskuvo_AF.jpg 909w, https://arpadfoldiref.hu/wp-content/uploads/2019/12/eskuvo_AF-300x200.jpg 300w, https://arpadfoldiref.hu/wp-content/uploads/2019/12/eskuvo_AF-768x512.jpg 768w, https://arpadfoldiref.hu/wp-content/uploads/2019/12/eskuvo_AF-850x567.jpg 850w" sizes="auto, (max-width: 909px) 100vw, 909px" /></figure><div class="wp-block-media-text__content">
<p style="font-size:15px"> <em>„Tégy engem, mint pecsétet a szívedre, mint pecsétet a karodra!</em><br><em>Bizony, erős a szeretet, mint a halál, legyőzhetetlen a szenvedély, akár a sír.</em><br><em>Úgy lobog, mint a lobogó tűz, mint az Úrnak lángja.” </em><br><em>(Énekek éneke 8,6)</em> </p>
</div></div>



<p></p>



<p>Gyülekezetünk imádságos szívvel és szeretettel fogadja azokat a párokat, akik egymással kötött házassági szövetségükre Isten áldását szeretnék kérni templomunkban. A házasságot Isten ajándékként adta az embernek, még a teremtés hajnalán:</p>



<p><em>„Azután ezt mondta az Úristen: Nem jó az embernek egyedül lenni, alkotok hozzáillő segítőtársat.”</em> <br><em>(I. Móz. 2:18.)</em></p>



<p class="has-normal-font-size">Ez az ajándék két, egymást szerető ember, életre szóló szövetsége. Mindketten felelősek a döntésükért, amellyel felvállalják a másikat, megosztják vele életüket, örömeiket és bánataikat. Mert a házasság nemcsak testi közösség, hanem lelki-, élet- és sorsközösség is. <br><br>Azért imádkozunk, hogy Isten segítő szeretetével a házasság örömet, formálódást és áldást jelentsen mindkét félnek, a leendő gyermekeknek, az egész családnak. Az esküvő után szeretettel hívjuk, várjuk az ifjú párt is istentiszteleti és gyülekezeti alkalmainkra.<br><br>Az esküvőt megelőző, három alkalomból álló jegyesoktatás során a Szentírás tanítása és a házasságkötéskor elhangzó fogadalom mentén figyelünk arra, hogy mit jelent keresztyén házasságban élni.&nbsp;<br>A házasságkötéssel kapcsolatban érdeklődni, jelentkezni a lelkipásztornál, illetve a gyülekezeti elérhetőségeinken lehet.</p>



<p>Nyikos András – lelkipásztor<br>Email: <a rel="noreferrer noopener" href="mailto:budapest-arpadfold@reformatus.hu" target="_blank">budapest-arpadfold@reformatus.hu</a><br>Telefon: +3630/483-4638</p>

<p>„Tégy engem, mint pecsétet a szívedre, mint pecsétet a karodra!Bizony, erős a szeretet, mint a halál, legyőzhetetlen a szenvedély, akár a sír.Úgy lobog, mint a lobogó tűz, mint az Úrnak lángja.” (Énekek éneke 8,6) Gyülekezetünk imádságos szívvel és szeretettel fogadja azokat a párokat, akik egymással kötött házassági szövetségükre Isten áldását szeretnék kérni templomunkban. A házasságot&#8230;</p>
