{"id":76,"date":"2019-12-24T11:36:27","date_gmt":"2019-12-24T11:36:27","guid":{"rendered":"http:\/\/arpadfoldiref.hu\/?page_id=76"},"modified":"2019-12-30T20:26:43","modified_gmt":"2019-12-30T19:26:43","slug":"kereszt-kerdesek","status":"publish","type":"page","link":"https:\/\/arpadfoldiref.hu\/index.php\/kereszt-kerdesek\/","title":{"rendered":"Kereszt-k\u00e9rd\u00e9sek"},"content":{"rendered":"\n<p>Ha m\u00e1r <strong>FELFEDEZTED<\/strong> Istent, \u00e9s szeretn\u00e9d m\u00e9g jobban megismerni. Ha \u00fagy \u00e9rzed, min\u00e9l t\u00f6bbet tudsz, ann\u00e1l t\u00f6bb k\u00e9rd\u00e9sed van, akkor a Kereszt-k\u00e9rd\u00e9sek sorozat Neked sz\u00f3l, T\u00e9ged h\u00edv.<br>A Kereszt-k\u00e9rd\u00e9sek egy remek alkalom, hogy k\u00f6z\u00f6sen besz\u00e9lj\u00fcnk arr\u00f3l: mit jelent a kereszt\u00e9nys\u00e9g, mit jelent Krisztus k\u00f6vet\u00e9se \u00e9s egy remek alkalom, hogy feltegy\u00fck azokat a k\u00e9rd\u00e9seket, amelyek m\u00e1r r\u00e9gebben megfogalmaz\u00f3dtak benn\u00fcnk, vagy \u00e9ppen most sz\u00fclettek:<\/p>\n\n\n\n<ul class=\"wp-block-list\"><li>Mi az \u00e9let c\u00e9lja?<\/li><li>Mi lesz a hal\u00e1l ut\u00e1n?<\/li><li>Hogyan lehet Istent megismerni?<\/li><\/ul>\n\n\n\n<p>Egy k\u00f6tetlen besz\u00e9lget\u00e9sre invit\u00e1lunk mindenkit. Nem sz\u00e1m\u00edt, j\u00e1rnak-e rendszeresen templomba, vagy olvass\u00e1k-e Bibli\u00e1t. Mindenkit sz\u00edvesen v\u00e1runk, mert szeretn\u00e9nk oldott l\u00e9gk\u00f6rben, k\u00f6zvetlen m\u00f3don bemutatni J\u00e9zust.<br>Ez a kurzus teh\u00e1t Mindannyiunknak sz\u00f3l: Nek\u00fcnk, Neked, \u00e9s mindazoknak, akik nyitottak a v\u00e1laszkeres\u00e9sre. <\/p>\n\n\n\n<p><strong>Mi\u00e9rt \u00e9rdemes elj\u00f6nni erre a sorozatra?<\/strong><\/p>\n\n\n\n<ul class=\"wp-block-list\"><li>Mert seg\u00edt megismerni az alapokat, ha m\u00e9g nem ismered,<\/li><li>Mert seg\u00edt tiszt\u00e1zni az alapokat, ha m\u00e1r olvasod a Bibli\u00e1t,<\/li><li>\u00c9s mert seg\u00edt megfogalmazni a hit l\u00e9nyeg\u00e9t, ha szeretn\u00e9d m\u00e1soknak is elmondani, kiben hiszel.<\/li><\/ul>\n\n\n\n<p><strong>Milyen a gyakorlatban a sorozat?<\/strong><br>A Kereszt-k\u00e9rd\u00e9sek  alkalmain, 10 h\u00e9ten \u00e1t <strong>M\u00e1rk evang\u00e9liuma tanulm\u00e1nyoz\u00e1s\u00e1n kereszt\u00fcl<\/strong> ismerkedhet\u00fcnk meg a Biblia \u00e9s a kereszty\u00e9n hit vil\u00e1g\u00e1val. <br>A kezd\u00e9st minden esetben a r\u00e9sztvev\u0151k k\u00f6z\u00f6sen hat\u00e1rozz\u00e1k meg. Az est\u00e9k \u00e1ltal\u00e1ban 17 \u00f3r\u00e1t\u00f3l kis vend\u00e9gs\u00e9ggel kezd\u0151dnek. Majd kisebb csoportokban besz\u00e9l\u00fcnk az el\u0151z\u0151 heti&nbsp;anyagr\u00f3l, k\u00f6z\u00f6sen hallgatunk meg egy el\u0151ad\u00e1st az aktu\u00e1lis t\u00e9m\u00e1val kapcsolatban, majd lez\u00e1r\u00e1sk\u00e9nt megvitatjuk&nbsp;az este sor\u00e1n felmer\u00fclt k\u00e9rd\u00e9seket. \u00c1ltal\u00e1ban este 8 \u00f3ra k\u00f6r\u00fcl fejezz\u00fck be az alkalmat.<br><br><strong>Mikor indul a k\u00f6vetkez\u0151 sorozat?<\/strong><br>Kereszt-k\u00e9rd\u00e9sek sorozatot \u00e1ltal\u00e1ban \u00e9venk\u00e9nt egyszer ind\u00edtunk. Ha sz\u00edvesen r\u00e9szt venn\u00e9l a k\u00f6vetkez\u0151n, vagy szeretn\u00e9l t\u00f6bbet megtudni a programr\u00f3l, \u00e9rdekl\u0151dj az al\u00e1bbi el\u00e9rhet\u0151s\u00e9geken, vagy figyeld honlapunk h\u00edreit. <br>\u00c9rdekl\u0151dhetsz a&nbsp; <a rel=\"noreferrer noopener\" href=\"mailto:budapest-arpadfold@reformatus.hu\" target=\"_blank\">budapest-arpadfold@reformatus.hu<\/a> e-mailc\u00edmen, vagy a 06-30\/483-46-38 telefonsz\u00e1mon Nyikos Andr\u00e1s lelk\u00e9szn\u00e9l.<\/p>\n\n\n\n<div class=\"wp-block-group\"><div class=\"wp-block-group__inner-container is-layout-flow wp-block-group-is-layout-flow\">\n<div class=\"wp-block-image\"><figure class=\"aligncenter\"><img loading=\"lazy\" decoding=\"async\" width=\"240\" height=\"350\" src=\"http:\/\/arpadfoldiref.hu\/wp-content\/uploads\/2019\/12\/kk_munkafuzet.jpg\" alt=\"\" class=\"wp-image-208\" srcset=\"https:\/\/arpadfoldiref.hu\/wp-content\/uploads\/2019\/12\/kk_munkafuzet.jpg 240w, https:\/\/arpadfoldiref.hu\/wp-content\/uploads\/2019\/12\/kk_munkafuzet-206x300.jpg 206w\" sizes=\"auto, (max-width: 240px) 100vw, 240px\" \/><\/figure><\/div>\n\n\n\n<div class=\"wp-block-group\"><div class=\"wp-block-group__inner-container is-layout-flow wp-block-group-is-layout-flow\">\n<div class=\"wp-block-image\"><figure class=\"aligncenter is-resized\"><img loading=\"lazy\" decoding=\"async\" src=\"http:\/\/arpadfoldiref.hu\/wp-content\/uploads\/2019\/12\/kk_logo-1024x379.jpg\" alt=\"\" class=\"wp-image-204\" width=\"243\" height=\"89\" srcset=\"https:\/\/arpadfoldiref.hu\/wp-content\/uploads\/2019\/12\/kk_logo-1024x379.jpg 1024w, https:\/\/arpadfoldiref.hu\/wp-content\/uploads\/2019\/12\/kk_logo-300x111.jpg 300w, https:\/\/arpadfoldiref.hu\/wp-content\/uploads\/2019\/12\/kk_logo-768x284.jpg 768w, https:\/\/arpadfoldiref.hu\/wp-content\/uploads\/2019\/12\/kk_logo-1536x568.jpg 1536w, https:\/\/arpadfoldiref.hu\/wp-content\/uploads\/2019\/12\/kk_logo-850x315.jpg 850w, https:\/\/arpadfoldiref.hu\/wp-content\/uploads\/2019\/12\/kk_logo.jpg 1670w\" sizes=\"auto, (max-width: 243px) 100vw, 243px\" \/><\/figure><\/div>\n<\/div><\/div>\n<\/div><\/div>\n\n\n\n<p><br><\/p>\n","protected":false},"excerpt":{"rendered":"<p>Ha m\u00e1r FELFEDEZTED Istent, \u00e9s szeretn\u00e9d m\u00e9g jobban megismerni. Ha \u00fagy \u00e9rzed, min\u00e9l t\u00f6bbet tudsz, ann\u00e1l t\u00f6bb k\u00e9rd\u00e9sed van, akkor a Kereszt-k\u00e9rd\u00e9sek sorozat Neked sz\u00f3l, T\u00e9ged h\u00edv.A Kereszt-k\u00e9rd\u00e9sek egy remek alkalom, hogy k\u00f6z\u00f6sen besz\u00e9lj\u00fcnk arr\u00f3l: mit jelent a kereszt\u00e9nys\u00e9g, mit jelent Krisztus k\u00f6vet\u00e9se \u00e9s egy remek alkalom, hogy feltegy\u00fck azokat a k\u00e9rd\u00e9seket, amelyek m\u00e1r r\u00e9gebben&#8230;<\/p>\n","protected":false},"author":2,"featured_media":0,"parent":0,"menu_order":0,"comment_status":"closed","ping_status":"closed","template":"","meta":{"ngg_post_thumbnail":0,"footnotes":""},"class_list":["post-76","page","type-page","status-publish","hentry"],"jetpack_sharing_enabled":true,"_links":{"self":[{"href":"https:\/\/arpadfoldiref.hu\/index.php\/wp-json\/wp\/v2\/pages\/76","targetHints":{"allow":["GET"]}}],"collection":[{"href":"https:\/\/arpadfoldiref.hu\/index.php\/wp-json\/wp\/v2\/pages"}],"about":[{"href":"https:\/\/arpadfoldiref.hu\/index.php\/wp-json\/wp\/v2\/types\/page"}],"author":[{"embeddable":true,"href":"https:\/\/arpadfoldiref.hu\/index.php\/wp-json\/wp\/v2\/users\/2"}],"replies":[{"embeddable":true,"href":"https:\/\/arpadfoldiref.hu\/index.php\/wp-json\/wp\/v2\/comments?post=76"}],"version-history":[{"count":8,"href":"https:\/\/arpadfoldiref.hu\/index.php\/wp-json\/wp\/v2\/pages\/76\/revisions"}],"predecessor-version":[{"id":347,"href":"https:\/\/arpadfoldiref.hu\/index.php\/wp-json\/wp\/v2\/pages\/76\/revisions\/347"}],"wp:attachment":[{"href":"https:\/\/arpadfoldiref.hu\/index.php\/wp-json\/wp\/v2\/media?parent=76"}],"curies":[{"name":"wp","href":"https:\/\/api.w.org\/{rel}","templated":true}]}}

Kereszt-kérdések

<p>Ha már <strong>FELFEDEZTED</strong> Istent, és szeretnéd még jobban megismerni. Ha úgy érzed, minél többet tudsz, annál több kérdésed van, akkor a Kereszt-kérdések sorozat Neked szól, Téged hív.<br>A Kereszt-kérdések egy remek alkalom, hogy közösen beszéljünk arról: mit jelent a kereszténység, mit jelent Krisztus követése és egy remek alkalom, hogy feltegyük azokat a kérdéseket, amelyek már régebben megfogalmazódtak bennünk, vagy éppen most születtek:</p>



<ul class="wp-block-list"><li>Mi az élet célja?</li><li>Mi lesz a halál után?</li><li>Hogyan lehet Istent megismerni?</li></ul>



<p>Egy kötetlen beszélgetésre invitálunk mindenkit. Nem számít, járnak-e rendszeresen templomba, vagy olvassák-e Bibliát. Mindenkit szívesen várunk, mert szeretnénk oldott légkörben, közvetlen módon bemutatni Jézust.<br>Ez a kurzus tehát Mindannyiunknak szól: Nekünk, Neked, és mindazoknak, akik nyitottak a válaszkeresésre. </p>



<p><strong>Miért érdemes eljönni erre a sorozatra?</strong></p>



<ul class="wp-block-list"><li>Mert segít megismerni az alapokat, ha még nem ismered,</li><li>Mert segít tisztázni az alapokat, ha már olvasod a Bibliát,</li><li>És mert segít megfogalmazni a hit lényegét, ha szeretnéd másoknak is elmondani, kiben hiszel.</li></ul>



<p><strong>Milyen a gyakorlatban a sorozat?</strong><br>A Kereszt-kérdések  alkalmain, 10 héten át <strong>Márk evangéliuma tanulmányozásán keresztül</strong> ismerkedhetünk meg a Biblia és a keresztyén hit világával. <br>A kezdést minden esetben a résztvevők közösen határozzák meg. Az esték általában 17 órától kis vendégséggel kezdődnek. Majd kisebb csoportokban beszélünk az előző heti&nbsp;anyagról, közösen hallgatunk meg egy előadást az aktuális témával kapcsolatban, majd lezárásként megvitatjuk&nbsp;az este során felmerült kérdéseket. Általában este 8 óra körül fejezzük be az alkalmat.<br><br><strong>Mikor indul a következő sorozat?</strong><br>Kereszt-kérdések sorozatot általában évenként egyszer indítunk. Ha szívesen részt vennél a következőn, vagy szeretnél többet megtudni a programról, érdeklődj az alábbi elérhetőségeken, vagy figyeld honlapunk híreit. <br>Érdeklődhetsz a&nbsp; <a rel="noreferrer noopener" href="mailto:budapest-arpadfold@reformatus.hu" target="_blank">budapest-arpadfold@reformatus.hu</a> e-mailcímen, vagy a 06-30/483-46-38 telefonszámon Nyikos András lelkésznél.</p>



<div class="wp-block-group"><div class="wp-block-group__inner-container is-layout-flow wp-block-group-is-layout-flow">
<div class="wp-block-image"><figure class="aligncenter"><img loading="lazy" decoding="async" width="240" height="350" src="http://arpadfoldiref.hu/wp-content/uploads/2019/12/kk_munkafuzet.jpg" alt="" class="wp-image-208" srcset="https://arpadfoldiref.hu/wp-content/uploads/2019/12/kk_munkafuzet.jpg 240w, https://arpadfoldiref.hu/wp-content/uploads/2019/12/kk_munkafuzet-206x300.jpg 206w" sizes="auto, (max-width: 240px) 100vw, 240px" /></figure></div>



<div class="wp-block-group"><div class="wp-block-group__inner-container is-layout-flow wp-block-group-is-layout-flow">
<div class="wp-block-image"><figure class="aligncenter is-resized"><img loading="lazy" decoding="async" src="http://arpadfoldiref.hu/wp-content/uploads/2019/12/kk_logo-1024x379.jpg" alt="" class="wp-image-204" width="243" height="89" srcset="https://arpadfoldiref.hu/wp-content/uploads/2019/12/kk_logo-1024x379.jpg 1024w, https://arpadfoldiref.hu/wp-content/uploads/2019/12/kk_logo-300x111.jpg 300w, https://arpadfoldiref.hu/wp-content/uploads/2019/12/kk_logo-768x284.jpg 768w, https://arpadfoldiref.hu/wp-content/uploads/2019/12/kk_logo-1536x568.jpg 1536w, https://arpadfoldiref.hu/wp-content/uploads/2019/12/kk_logo-850x315.jpg 850w, https://arpadfoldiref.hu/wp-content/uploads/2019/12/kk_logo.jpg 1670w" sizes="auto, (max-width: 243px) 100vw, 243px" /></figure></div>
</div></div>
</div></div>



<p><br></p>

<p>Ha már FELFEDEZTED Istent, és szeretnéd még jobban megismerni. Ha úgy érzed, minél többet tudsz, annál több kérdésed van, akkor a Kereszt-kérdések sorozat Neked szól, Téged hív.A Kereszt-kérdések egy remek alkalom, hogy közösen beszéljünk arról: mit jelent a kereszténység, mit jelent Krisztus követése és egy remek alkalom, hogy feltegyük azokat a kérdéseket, amelyek már régebben&#8230;</p>
